is divided by 30?
29
Let x = -75 + 192. Let d(w) = -2*w**3 + 97*w**2 - 274*w + 7. Calculate the remainder when x is divided by d(3).
1
Let i(c) = -c**3 + 8*c**2 - 10*c - 7. Let g be i(6). Let o(k) = k**2 - k - 11. Calculate the remainder when o(g) is divided by (-14)/(-5)*((-50)/(-4))/5.
2
Let w be (10/6 + -1)/((-88)/(-7260)). Let r(f) = 16*f + 6. What is the remainder when r(5) is divided by (0 + -5)/(w/(-198))?
14
Suppose 0*y = 9*y. Suppose y = -19*w + 38 + 152. Calculate the remainder when 57 is divided by w.
7
Let n be ((-2)/(-7))/2 - (-97)/7. What is the remainder when 88 is divided by (-328)/(-574) - (2 - 202/n)?
10
Let p(w) = -2775*w - 146. What is the remainder when p(-1) is divided by 176?
165
Suppose 0 = 97*m - 104*m - 1190. Let j = m - -255. Calculate the remainder when j is divided by 29.
27
Let d be (-80)/32*(-6)/5. Suppose -d*v + 72 = 3*n, v - 25 = -5*n + 3. What is the remainder when 52 is divided by v?
6
Let i(o) = 6*o**2 + 3. Let t be i(-3). Let u = t - 87. What is the remainder when (u/(-4))/((-42)/(-280)) is divided by 13?
11
Let a(l) = l**3 - 13*l**2 - 14*l + 15. Let y be 2/(-4) - (0 - 29/2). Calculate the remainder when 39 + (-14)/4 + 9/6 is divided by a(y).
7
Let g be (-1)/((2/(-8))/(-1))*-2. Suppose 0*k + g*k = -72. Calculate the remainder when (2/1)/((-1)/k*3) is divided by 4.
2
Let b be (-39)/(-5) - (-112)/(-140). Suppose b*r - 194 - 86 = 0. What is the remainder when 109 is divided by r?
29
Let x(a) = a**3 - a**2 - 6*a - 4. Let q be x(3). Calculate the remainder when q/(8/(-214)) - (-2 + 1) is divided by 19.
13
Let f(r) = -271*r - 173. What is the remainder when 285 is divided by f(-1)?
89
Suppose m = 5*v + 38, 0*m + 3*v + 32 = m. Let g = -51683 - -51842. What is the remainder when g is divided by m?
21
Suppose 0 = -5*g + 2*g - 5*l + 48, g + 3*l = 16. Suppose 1143 = -7*j + g*j. Suppose -5*v = -0*v - 130. Calculate the remainder when j is divided by v.
23
Let f(m) = m**2 + 12*m + 13. Suppose 33 = -3*l + v, -l - 8 = -3*v + 3. Let w be f(l). Suppose -w*u + 58 = 22. What is the remainder when 31 is divided by u?
13
Suppose 3*v + 3 = 27. Suppose 6*l = -15*l + 147. Suppose 34*r - 783 = l*r. What is the remainder when r is divided by v?
5
Suppose -c + 12 = -2*u - 95, -c + 100 = -u. Calculate the remainder when 1857 is divided by c.
90
Let y = 40 - 18. Suppose -11*d - 28*d - 38*d + 1771 = 0. Calculate the remainder when d is divided by y.
1
Let c(z) = -z**3 - 3*z**2 + 5*z + 1. Let q be c(-4). Suppose 5*r - 28*r = 46. Calculate the remainder when 35 is divided by (-3)/(q/4)*(-3)/r.
5
Suppose 88 = -93*t + 95*t. Suppose 2688 = -t*n + 72*n. Calculate the remainder when n is divided by 33.
30
Suppose 1701 = 3*v + 3*i, 0*i + 2859 = 5*v - i. Suppose -6*m - 73 + v = 0. Suppose 575 = 6*y + m. Calculate the remainder when y is divided by 21.
19
Let t = -1293 - -2161. What is the remainder when t is divided by 6?
4
Let p = 17299 + -17294. Calculate the remainder when 3104 is divided by p.
4
Let y(f) = 128*f - 525. What is the remainder when y(5) is divided by 20?
15
Let v = 918 + -915. Let n be (-20)/(-6) - 2/6. Suppose -n*r + 11 = -25. Calculate the remainder when r is divided by v.
0
Suppose -3*s + 75 = 2*s. Suppose 2*p - 1199 + 231 = 0. Suppose -5*q = -p - 106. Calculate the remainder when q is divided by s.
13
Let m(d) = d**3 + 11*d**2 - 9*d + 4. Let v be m(-12). Let w = -23 - v. What is the remainder when ((-2 - 2) + 2)*(-253)/22 is divided by w?
5
What is the remainder when (-2616)/545*430/(-8) is divided by 41?
12
Calculate the remainder when 890 is divided by 8/(-28) + (-1452)/(-84) + 11.
22
Let j(a) = 5*a - 7. Let r(d) = 2*d - 3. Let s(q) = 3*j(q) - 7*r(q). Let g be s(11). What is the remainder when 53 is divided by (g/33)/(1/42)?
11
Let q = 28392 + -28358. Let z(k) = k**3 + 6*k**2 - 9*k - 6. Calculate the remainder when q is divided by z(-7).
2
Suppose 7 - 10 = w. Let m be 10*w/12*20/(-25). Suppose 7 = m*v - 7. What is the remainder when 24 is divided by v?
3
Let u(b) = b**2 + 29*b - 28. Let h be u(-30). Calculate the remainder when 24/9*(h - 222/(-24)) is divided by 7.
2
Let i(g) = g**2 - 68*g + 771. Calculate the remainder when 97 is divided by i(54).
7
Let w(i) = 8*i - 6. Let k be w(1). What is the remainder when (1 - (-90)/(-4))*-2 is divided by ((-4)/(-3))/(k/6) + 7?
10
Let k(v) = v**2 - 4*v + 8. Let q be 56/9 + 4/(-18). Let b(d) = 15*d - 2. Calculate the remainder when b(4) is divided by k(q).
18
Let c = 26002 + -25977. Calculate the remainder when 2969 is divided by c.
19
Suppose -4*w - 4*y - 16 = 0, -4*w + 12 = 10*y - 13*y. Suppose -4*a + 507 = q, 2*a + w*q - 5*q = 259. What is the remainder when a is divided by 28?
15
Calculate the remainder when 189 is divided by 150/8 - (-6)/(-48)*-2.
18
Suppose -1515 - 799 = -4*z + 2*g, -z + 5*g = -601. What is the remainder when z is divided by 288?
0
Suppose -10*f + 27 = -7*f. Suppose -2*u + f + 33 = 0. Calculate the remainder when (-6)/u + (-600)/(-42) is divided by 8.
6
Let z(w) = 31*w**2 - 50*w + 43. What is the remainder when 72 is divided by z(1)?
0
Suppose 3*y - 149 = -2*v, -v + 4*v = -3*y + 225. What is the remainder when 60/(-4)*17/(-51)*29*1 is divided by v?
69
Let y(l) = -l**3 - 35*l**2 + 2*l + 90. What is the remainder when 919 is divided by y(-35)?
19
Let c = -210 - -133. Let l = 80 + c. Suppose -q - q + 19 = -l*a, 0 = -q + 4*a + 22. What is the remainder when 5 is divided by q?
1
Let x(f) = f**2 - 3*f - 5. Suppose -3*g - 591 = 3*y, -6*y + 4*y = 4*g + 784. Let a = -152 - g. What is the remainder when a is divided by x(5)?
3
Let d(z) = -2*z**2 + 22*z - 17. Let j(q) = -3*q + 26. Let o be j(6). Let h be d(o). Let s = 69 - h. Calculate the remainder when s is divided by 13.
12
Suppose 0 = v + 1 - 0, 4 = p - 2*v. Let o be 1/p*(-1 - -5). What is the remainder when 25 - ((3 - o) + -1) is divided by 14?
11
Suppose 3*g - b - 579 = 0, 3*g + 5*b + 7058 - 7655 = 0. Suppose 30 = r + r. Calculate the remainder when g is divided by r.
14
Let q = -8 - -77. Let z(k) = -2*k**3 - 7*k**2 - 6*k. Let v be z(-4). Let y = q - v. Calculate the remainder when y is divided by 8.
5
Let o(u) = 40*u + 280. Let l be o(-7). Let q(a) = 251*a - 1. Let m be q(2). Suppose 4*k - k - m = l. What is the remainder when k is divided by 34?
31
Suppose -35*l + 29*l = -300. Suppose -4*u - 6 = -4*r + 90, -5*u = 2*r - 62. Suppose -y = -3*y + r. What is the remainder when l is divided by y?
11
What is the remainder when 14/(-6)*2/7*(-1491)/14 is divided by 16?
7
Let f(g) be the second derivative of -g**4/12 - 17*g**3/3 - 80*g**2 - 154*g. What is the remainder when f(-20) is divided by 32?
24
Suppose 12 = 8*k - 28. Let a(y) = -5 + 8*y**2 - 4*y + k*y - y**3 - 6 - 2*y**2. What is the remainder when a(5) is divided by 10?
9
Let y = 1564 - 1046. What is the remainder when y is divided by 46?
12
Suppose b - 30 = 2*k, 0*b + 4*k = 4*b - 104. Calculate the remainder when (944/(-112))/(-2*(-1)/(-14)) is divided by b.
15
Let o be (8/(-20))/(-1) - 4/10. Let c = -5 - o. Let p(t) = 8*t + 41. What is the remainder when 9 is divided by p(c)?
0
Let s(a) = 14*a**2 - 95*a + 15. What is the remainder when s(11) is divided by 286?
92
Let r = -4959 + 7982. Calculate the remainder when r is divided by 24.
23
Let q(z) = 2*z**3 - 5*z**2 + z + 3. Suppose 6515 - 2357 = 63*d. Calculate the remainder when q(6) is divided by d.
63
Suppose 0 = 3*y - 3*k + 600, -y - 2*y + k = 604. Let v = 312 + y. Let r = 1948 - 1940. What is the remainder when v is divided by r?
6
Let b = 7496 - 7356. What is the remainder when b is divided by 26?
10
Let s(b) = -b**2 + 24*b - 13. Suppose 19770 = 53*k + 5619. What is the remainder when k is divided by s(20)?
66
Let w(s) = 9*s**3 - s**2 - 68*s + 259. Calculate the remainder when 2044 is divided by w(5).
6
Let n = 512 - 74. Calculate the remainder when n is divided by 103.
26
Let u be 2*(-21)/4*(-2)/3. Let j(l) = 7*l - 37. What is the remainder when -1 + (24 - 2/2) is divided by j(u)?
10
Let u be (11/(-2))/((-1)/2). Let m(i) = i**3 - 11*i**2 - i + 15. Let p be m(u). Suppose p*x = 8*x - 216. What is the remainder when x is divided by 14?
12
Let w(g) = -g**2 + 14*g - 7. Let r be w(9). Suppose -4*u + r = 3*i - 42, 2*u = -3*i + 34. Calculate the remainder when (-3 - -10)*(-602)/(-98) is divided by u.
20
Let t be 